w + 2*m. Suppose -4*n = -n - w. What are the prime factors of n?
2, 3
Let j(m) = m**3 - 6*m**2 - 6*m + 23. List the prime factors of j(8).
103
Let x(w) = w - 2. Let f be x(5). What are the prime factors of 6/(-4)*(-22)/f?
11
Suppose -o + 308 = o - u, o - u = 155. What are the prime factors of o?
3, 17
Suppose -4*h + k = -44, 2 + 53 = 5*h + 2*k. Let d = h - 1. What are the prime factors of d?
2, 5
Let x(c) = -3*c - 1. Let n be x(-5). Suppose u - n = -2. List the prime factors of 3/u + (-27)/(-4).
7
Let o(g) = 4*g + 1. Let c be o(1). Let z = c + -2. List the prime factors of z/9 + 28/6.
5
Let d be 4 - (-3 + -1)/(-4). Suppose 0 = -5*w - 4*c + 35, -d*w = 2*w - 3*c. List the prime factors of w.
3
Suppose 0 = 5*q - 5*m - 325, -2*q + 0*q + 124 = m. List the prime factors of q.
3, 7
Suppose -7*o = -9*o + 4. Let j(k) = -2*k + 0*k**2 - 1 + 6*k**2 + 3*k**o. What are the prime factors of j(-1)?
2, 5
Suppose -2*a + 2*d = 5*d - 115, 5*a - 292 = -3*d. List the prime factors of a.
59
Let q be ((-3)/3)/(2/(-4)). Let v(r) = -8 - q*r - 7*r**2 - 2*r**3 + r**3 - 6*r. What are the prime factors of v(-6)?
2
Let w(x) = -7*x**2 + 1. Let l be w(-1). Let s be (-178)/l - (-2)/(-3). Let z = -19 + s. List the prime factors of z.
2, 5
Suppose j = -8*j + 1305. What are the prime factors of j?
5, 29
What are the prime factors of (-2)/2 - (2 - 12)?
3
Suppose -3*u + 2*z + 15 = 0, -u = -2*u + 2*z + 5. Suppose 5*f + u = 30. Suppose 22 = f*b - 3*b. What are the prime factors of b?
11
Suppose -4*f + 50 = -102. What are the prime factors of f?
2, 19
Let w(k) = 3*k - 3. Let t(i) = -i**2 + 11*i - 8. Let u be t(8). Suppose 2*v + 2*y - u = 0, -9 - 7 = -3*v + y. List the prime factors of w(v).
3, 5
Let b = 117 - -65. What are the prime factors of b?
2, 7, 13
Suppose 3*g + 0*g = 0. Suppose s + 4*s = 0, 5*k + 3*s - 90 = g. What are the prime factors of (-6)/k - (-7)/3?
2
Suppose 5*o - 25 = 4*o. List the prime factors of o.
5
Let l(h) = 9*h - 5. What are the prime factors of l(5)?
2, 5
Let i(o) = 5*o**2 - 4*o + 2. Let u be i(2). Let l be 9/6*(u - -2). Suppose -4*x = -2*x - l. List the prime factors of x.
2, 3
Suppose -2*j - 2*j = -68. What are the prime factors of j?
17
Let z(m) = -m**3 - 7*m**2 + 3. Let g = -18 + 11. Let r be z(g). Suppose -6*d = -r*d - 33. List the prime factors of d.
11
Suppose 4*b - 88 = 2*v, -4*b - 44 + 132 = -v. List the prime factors of (b + -2)*(-4)/(-8).
2, 5
Let f(z) be the first derivative of z**6/36 + z**3/3 + 1. Let m(k) be the third derivative of f(k). List the prime factors of m(1).
2, 5
Suppose 4*d = 5*y + d - 1, 0 = -2*y + d. Let h(j) = -32*j - 2. List the prime factors of h(y).
2, 3, 5
Let f(b) = -7*b + 1. Suppose -3*q - 8 = -q. Let g = -5 - q. What are the prime factors of f(g)?
2
Let s = 100 + -68. List the prime factors of s.
2
Let c(h) = -3*h + 1. Let s be c(-1). Suppose s*z + 0*u + 9 = -5*u, 37 = 3*z - 5*u. What are the prime factors of (1 - 3) + z/1?
2
Suppose 8*c - 5 = 4*c + r, c + 3*r + 15 = 0. List the prime factors of (-12 - 3)/(c - 1).
3, 5
Let p = 1 - 1. Suppose 4*n + 4 = p, -2*k + 30 = 4*n - 0*n. Let l = -9 + k. What are the prime factors of l?
2
Let d(a) = a**3 + 7*a**2 + 7*a + 3. Let w be d(-6). Let g = 7 + -2. Let c = w + g. List the prime factors of c.
2
Suppose 4*z - 3 - 5 = 0, -2*b - z = -14. List the prime factors of (b + (0 - -1))*1.
7
Suppose -2*a - 2*m + 8 = 0, -2*m + 14 = 6*a - a. Suppose -f = a, 3*f + 34 = -5*w - 2. List the prime factors of 2 - w/(-3) - -2.
2
Suppose 0 = 3*w + 2*o + 3*o - 235, 233 = 3*w + 4*o. What are the prime factors of w?
3, 5
Let d be 213/6*(2 - 0). Suppose 0 = -5*s + 5*w + d - 16, 3*s + 5*w - 33 = 0. What are the prime factors of s?
11
Let i(k) = k**3 + 15*k**2 + 13*k + 3. Let z be i(-14). Suppose z + 3 = 2*u. List the prime factors of u.
2, 5
Suppose -5*j + 5*t = -100, 45 = -2*j + 4*j - 3*t. Suppose 2*c = 8, 5*a + c - 2*c = 11. Suppose -a*o = -j - 21. What are the prime factors of o?
2, 3
Suppose -w + 84 = 3*w. List the prime factors of w.
3, 7
Let c be 4*(3 - (-8)/(-2)). What are the prime factors of c/(-18) + 133/9?
3, 5
Let j be 5 + -1 + -3 + -19. Let q = j + 67. List the prime factors of q.
7
Let s be 28/12 - (-4)/6. Let m(a) = s - 1 - 1 - a. What are the prime factors of m(-5)?
2, 3
What are the prime factors of -1*(207/(-3) - 1)?
2, 5, 7
Suppose -2*l = 8 - 0. Let t = 18 + l. What are the prime factors of t?
2, 7
Suppose 0 = 2*x - 111 - 1. List the prime factors of x.
2, 7
Suppose -3*b = 2 + 7, 0 = -2*j + 2*b + 78. What are the prime factors of j?
2, 3
Let c be (-8)/(-36) + 20/(-9). List the prime factors of 3*(3/9 - c).
7
Suppose -d - 1 = -6. List the prime factors of d.
5
Let w be (7 + 3)/(-3 + 2). Let a = w + 38. What are the prime factors of a?
2, 7
Let f(n) = -n**2 + 10*n + 14. Let r be (-4)/(-18) - (-176)/18. What are the prime factors of f(r)?
2, 7
Let p(l) = -l**2 - 9*l - 5. Let i be p(-8). Suppose -177 = -3*d + 4*c - 53, -i*c - 12 = 0. What are the prime factors of d?
2, 3
Suppose 5*t - 2*p - 15 = -4*p, 4*p - 18 = 2*t. Let f be (52/(-16))/(t/4). Let i = f - -21. List the prime factors of i.
2
Let j = -7 - -18. List the prime factors of j.
11
Let b = -14 - -36. List the prime factors of (15/6 + -2)*b.
11
Suppose l = 2*y + 2*l - 1, -4 = -5*y - 2*l. Suppose 0 = -0*n - y*n - 2. List the prime factors of (n - -3) + 1 + -1.
2
Let y(g) = -g**3 + 6*g**2 - 5*g + 4. Let s be y(5). Suppose 0 = s*j - 11 - 1. Suppose -j*m + 47 = 17. List the prime factors of m.
2, 5
Let v be 3*(1 + (-1)/3). Let h = 35 + -33. List the prime factors of h + -3 - (-8)/v.
3
Let x(v) = -12*v + 6. List the prime factors of x(-5).
2, 3, 11
Let k be (-2)/(-7) + (-4)/14. Suppose -5*s + 8 = 3*y, k = -6*s + 3*s + 3*y + 24. List the prime factors of s.
2
Suppose 0 = 2*h - 7*h + 235. List the prime factors of h.
47
Let x(m) = -m - 3. Let p be x(6). Let f be ((-165)/p)/5*-3. List the prime factors of (-1 - f) + (-12)/4.
7
Suppose 2 + 46 = 4*b. Suppose -4*f - 3*d + 90 = 0, 5*f + 2*d - 46 = 3*f. Let a = f - b. What are the prime factors of a?
3
Let q = 448 - 251. What are the prime factors of q?
197
Suppose -2*d - 22 + 0 = -2*n, 2*d + 17 = n. Let c(k) = -k**2 - 7*k - 4. Let l be c(d). Suppose 6 = -l*x + 20. What are the prime factors of x?
7
Let n = -4 + 7. Suppose 2*t = -n + 21. What are the prime factors of t?
3
Suppose -279 + 15 = -3*m. Suppose -5*w + w = -m. Let y = -12 + w. List the prime factors of y.
2, 5
Let f be ((-4)/6)/((-2)/6). Let a = -3 + f. List the prime factors of (16 + -2)*(-1)/a.
2, 7
Let k(r) = r**3 - 20*r**2 + 42*r - 3. What are the prime factors of k(19)?
2, 7, 31
Suppose -5*z + 65 = 5*f, f + 81 = 5*z + 2*f. List the prime factors of z.
17
Let v(h) be the first derivative of h**5/20 + 7*h**4/12 + 2*h**3/3 - 4*h**2 + h - 2. Let t(w) be the first derivative of v(w). List the prime factors of t(-6).
2
Let l = 77 + 15. What are the prime factors of l?
2, 23
Suppose 19 = -5*i - 2*y + 222, 0 = -5*y - 5. What are the prime factors of i?
41
Suppose 5*c = -0*r + r - 41, 4*r = -4*c + 140. What are the prime factors of r?
2, 3
Let p be 1*-2*(-2)/(-4). Let b = 19 + -11. Let k = b - p. What are the prime factors of k?
3
Suppose 3*r = -156 + 507. What are the prime factors of r?
3, 13
Let a(v) = -2*v - 6 + 0*v - v - v. Let d be a(-8). Let c = -14 + d. List the prime factors of c.
2, 3
Let t(y) = 2*y**3 - 8*y**2 - 6*y + 10. What are the prime factors of t(6)?
2, 59
Suppose -2*n + 4*m - 11 = n, 0 = 4*n + 3*m - 2. What are the prime factors of ((-17)/4)/(n/4)?
17
Suppose 0 = -2*x - 4, -3*h + 4*x - x = -18. Suppose 0 = 5*s - 3*c - 29, s - 4*c - 32 = -h*s. List the prime factors of s.
2
Suppose x - 2 = -0*x. Suppose x*p + 3*p - 240 = 0. List the prime factors of p.
2, 3
Suppose -4*k = -2*k. Let z(f) = -f**3 - 3*f**2 - 1. Let u be z(-2). Let d = k - u. What are the prime factors of d?
5
List the prime factors of (-18)/(-10)*(-10)/(-3).
2, 3
Let v(f) = f**2 - 9*f + 5. Let a(o) = -2*o + 9. Let s be a(7). Let l be (9/s)/(3/(-15)). What are the prime factors of v(l)?
5
What are the prime factors of 2/(-8)*-254 - (-3)/(-6)?
3, 7
Suppose 0*h = -3*h + 3. Let n(k) = -h - 1 + 0*k - 2*k + 3. List the prime factors of n(-5).
11
Let j(m) = 3*m**2 - 3. Let x = 11 - 8. What are the prime factors of j(x)?
2, 3
Suppose 0 = -3*h - p + 76, 2*h - 4*p 